{"id":24,"date":"2016-08-26T23:05:03","date_gmt":"2016-08-26T21:05:03","guid":{"rendered":"http:\/\/citymagazin.vweb.warwaris.at\/?page_id=24"},"modified":"2026-03-23T22:41:51","modified_gmt":"2026-03-23T21:41:51","slug":"city-magazin","status":"publish","type":"page","link":"https:\/\/www.city-magazin.at\/index.php\/city-magazin\/","title":{"rendered":"CITY! Magazin"},"content":{"rendered":"<p><div class=\"fusion-fullwidth fullwidth-box nonhundred-percent-fullwidth non-hundred-percent-height-scrolling\"  style='background-color: rgba(255,255,255,0);background-position: center center;background-repeat: no-repeat;padding-top:0px;padding-right:0px;padding-bottom:0px;padding-left:0px;'><div class=\"fusion-builder-row fusion-row \"><div  class=\"fusion-layout-column fusion_builder_column fusion_builder_column_1_1  fusion-one-full fusion-column-first fusion-column-last 1_1\"  style='margin-top:0px;margin-bottom:0px;'>\n\t\t\t\t\t<div class=\"fusion-column-wrapper\" style=\"padding: 0px 0px 0px 0px;background-position:left top;background-repeat:no-repeat;-webkit-background-size:cover;-moz-background-size:cover;-o-background-size:cover;background-size:cover;\"  data-bg-url=\"\">\n\t\t\t\t\t\t<div class=\"fusion-title title fusion-sep-none fusion-title-size-one\" style=\"margin-top:0px;margin-bottom:31px;\"><h1 class=\"title-heading-left\"><h1><span style=\"color: #e20714;\">CITY!<\/span> DAHEIM\u00a0IM\u00a0HERZEN\u00a0OBER\u00d6STERREICHS<\/h1><\/h1><\/div><div class=\"fusion-clearfix\"><\/div>\n\n\t\t\t\t\t<\/div>\n\t\t\t\t<\/div><\/div><\/div><div class=\"fusion-fullwidth fullwidth-box nonhundred-percent-fullwidth non-hundred-percent-height-scrolling\"  style='background-color: rgba(255,255,255,0);background-position: center center;background-repeat: no-repeat;padding-top:20px;padding-right:0px;padding-bottom:20px;padding-left:0px;'><div class=\"fusion-builder-row fusion-row \"><div  class=\"fusion-layout-column fusion_builder_column fusion_builder_column_2_3  fusion-two-third fusion-column-first 2_3\"  style='margin-top:0px;margin-bottom:20px;width:66.66%;width:calc(66.66% - ( ( 4% ) * 0.6666 ) );margin-right: 4%;'>\n\t\t\t\t\t<div class=\"fusion-column-wrapper\" style=\"padding: 0px 0px 0px 0px;background-position:left top;background-repeat:no-repeat;-webkit-background-size:cover;-moz-background-size:cover;-o-background-size:cover;background-size:cover;\"  data-bg-url=\"\">\n\t\t\t\t\t\t<div class=\"fusion-text\"><p>Das CITY! ist das Magazin f\u00fcr den ober\u00f6sterreichischen Zentralraum und deckt 10 x im Jahr mit seiner Verbreitung im Einzugsgebiet von Linz, Wels und Steyr eine der wirtschaftlich st\u00e4rksten Regionen \u00d6sterreichs ab. \u00dcber die Post.at-Gruppe wird das 4c-Magazin zu Monatsbeginn an 225.000 Haushalte versandt. Das CITY! berichtet \u00fcber Themen aus Wirtschaft, Kultur und Gesellschaft. Saisonal abgestimmt werden interessante und aktuelle Bereiche f\u00fcr die Leser behandelt. Auch \u00fcber Events, die im St\u00e4dtedreieck stattfinden, wird regelm\u00e4\u00dfig berichtet. Hochwertige Qualit\u00e4t macht das CITY! zu einem beliebten Werbetr\u00e4ger. Namhafte Unternehmen wie Interspar, die Hypo Bank oder SCW werben zum Teil mehrseitig und ganzj\u00e4hrig im CITY! Auch Gutscheinr\u00fccklaufquoten unserer Kunden von teilweise mehr als 4 Prozent sind ein eindrucksvoller Beweis der Werbeschlagkraft unseres Magazins.<\/p>\n<p>Getreu dem Motto<em> ,,Klasse statt Masse&#8220; <\/em>\u00fcbersteigt der Werbeanteil im CITY! Magazin auch die 45 Prozent-Marke nicht. Es erwartet die Werber im CITY! Magazin also kein Anzeigenfriedhof und die zus\u00e4tzlichen Serviceleistungen (etwa als Partner im Bereich Events\/Moderation) begeistern seit Jahren unsere Stammkunden.<\/p>\n<\/div><div class=\"fusion-clearfix\"><\/div>\n\n\t\t\t\t\t<\/div>\n\t\t\t\t<\/div><div  class=\"fusion-layout-column fusion_builder_column fusion_builder_column_1_3  fusion-one-third fusion-column-last 1_3\"  style='margin-top:0px;margin-bottom:20px;width:33.33%;width:calc(33.33% - ( ( 4% ) * 0.3333 ) );'>\n\t\t\t\t\t<div class=\"fusion-column-wrapper\" style=\"padding: 0px 0px 0px 0px;background-position:left top;background-repeat:no-repeat;-webkit-background-size:cover;-moz-background-size:cover;-o-background-size:cover;background-size:cover;\"  data-bg-url=\"\">\n\t\t\t\t\t\t<span class=\"fusion-imageframe imageframe-none imageframe-1 hover-type-none\"><img data-recalc-dims=\"1\" decoding=\"async\" src=\"https:\/\/i0.wp.com\/www.city-magazin.at\/wp-content\/uploads\/2026\/02\/2026-Auflage-225000-rund.png?w=1200\"   alt=\"CITY! Auflage 225.000\" title=\"2026-Auflage-225000-rund\" class=\"img-responsive wp-image-7398\" srcset=\"https:\/\/i0.wp.com\/www.city-magazin.at\/wp-content\/uploads\/2026\/02\/2026-Auflage-225000-rund.png?resize=45%2C45&amp;ssl=1 45w, https:\/\/i0.wp.com\/www.city-magazin.at\/wp-content\/uploads\/2026\/02\/2026-Auflage-225000-rund.png?resize=66%2C66&amp;ssl=1 66w, https:\/\/i0.wp.com\/www.city-magazin.at\/wp-content\/uploads\/2026\/02\/2026-Auflage-225000-rund.png?resize=150%2C150&amp;ssl=1 150w, https:\/\/i0.wp.com\/www.city-magazin.at\/wp-content\/uploads\/2026\/02\/2026-Auflage-225000-rund.png?resize=200%2C200&amp;ssl=1 200w, https:\/\/i0.wp.com\/www.city-magazin.at\/wp-content\/uploads\/2026\/02\/2026-Auflage-225000-rund.png?fit=300%2C300&amp;ssl=1 300w\" sizes=\"(max-width: 800px) 100vw, 300px\" \/><\/span><div class=\"fusion-clearfix\"><\/div>\n\n\t\t\t\t\t<\/div>\n\t\t\t\t<\/div><\/div><\/div><\/p>\n","protected":false},"excerpt":{"rendered":"","protected":false},"author":4,"featured_media":0,"parent":0,"menu_order":0,"comment_status":"closed","ping_status":"closed","template":"","meta":{"jetpack_post_was_ever_published":false,"footnotes":""},"class_list":["post-24","page","type-page","status-publish","hentry"],"jetpack_shortlink":"https:\/\/wp.me\/P7QK0n-o","jetpack_sharing_enabled":true,"_links":{"self":[{"href":"https:\/\/www.city-magazin.at\/index.php\/wp-json\/wp\/v2\/pages\/24","targetHints":{"allow":["GET"]}}],"collection":[{"href":"https:\/\/www.city-magazin.at\/index.php\/wp-json\/wp\/v2\/pages"}],"about":[{"href":"https:\/\/www.city-magazin.at\/index.php\/wp-json\/wp\/v2\/types\/page"}],"author":[{"embeddable":true,"href":"https:\/\/www.city-magazin.at\/index.php\/wp-json\/wp\/v2\/users\/4"}],"replies":[{"embeddable":true,"href":"https:\/\/www.city-magazin.at\/index.php\/wp-json\/wp\/v2\/comments?post=24"}],"version-history":[{"count":48,"href":"https:\/\/www.city-magazin.at\/index.php\/wp-json\/wp\/v2\/pages\/24\/revisions"}],"predecessor-version":[{"id":7482,"href":"https:\/\/www.city-magazin.at\/index.php\/wp-json\/wp\/v2\/pages\/24\/revisions\/7482"}],"wp:attachment":[{"href":"https:\/\/www.city-magazin.at\/index.php\/wp-json\/wp\/v2\/media?parent=24"}],"curies":[{"name":"wp","href":"https:\/\/api.w.org\/{rel}","templated":true}]}}